{"id":1163,"date":"2022-11-16T20:20:47","date_gmt":"2022-11-16T23:20:47","guid":{"rendered":"https:\/\/itsconcordia-ers.infd.edu.ar\/sitio\/?page_id=1163"},"modified":"2025-06-25T19:19:37","modified_gmt":"2025-06-25T22:19:37","slug":"tecnicatura-superior-en-enologia-y-fruticultura","status":"publish","type":"page","link":"https:\/\/itsconcordia-ers.infd.edu.ar\/sitio\/tecnicatura-superior-en-enologia-y-fruticultura\/","title":{"rendered":"Tecnicatura Superior en Enolog\u00eda y Fruticultura"},"content":{"rendered":"\n<p><\/p>\n\n\n\n<figure class=\"wp-block-image size-full is-resized\"><img decoding=\"async\" loading=\"lazy\" src=\"https:\/\/itsconcordia-ers.infd.edu.ar\/sitio\/wp-content\/uploads\/2025\/06\/WhatsApp-Image-2025-06-24-at-10.37.29-4.jpeg\" alt=\"\" class=\"wp-image-1429\" width=\"584\" height=\"584\" srcset=\"https:\/\/itsconcordia-ers.infd.edu.ar\/sitio\/wp-content\/uploads\/2025\/06\/WhatsApp-Image-2025-06-24-at-10.37.29-4.jpeg 1600w, https:\/\/itsconcordia-ers.infd.edu.ar\/sitio\/wp-content\/uploads\/2025\/06\/WhatsApp-Image-2025-06-24-at-10.37.29-4-1000x1000.jpeg 1000w, https:\/\/itsconcordia-ers.infd.edu.ar\/sitio\/wp-content\/uploads\/2025\/06\/WhatsApp-Image-2025-06-24-at-10.37.29-4-500x500.jpeg 500w, https:\/\/itsconcordia-ers.infd.edu.ar\/sitio\/wp-content\/uploads\/2025\/06\/WhatsApp-Image-2025-06-24-at-10.37.29-4-768x768.jpeg 768w, https:\/\/itsconcordia-ers.infd.edu.ar\/sitio\/wp-content\/uploads\/2025\/06\/WhatsApp-Image-2025-06-24-at-10.37.29-4-1536x1536.jpeg 1536w\" sizes=\"(max-width: 584px) 100vw, 584px\" \/><\/figure>\n\n\n\n<p><\/p>\n\n\n\n<h2 class=\"wp-block-heading\">Inicio de l Carrera<\/h2>\n\n\n\n<p>El Consejo General de Educaci\u00f3n de la Provincia de Entre R\u00edos ha dispuesto la apertura de la carrera; Tecnicatura Superior en Enolog\u00eda y Fruticultura, mediante Resoluci\u00f3n N\u00b01157 del 30 de marzo de 2023. La misma se desarrolla en la extensi\u00f3n \u00e1ulica que tiene el Instituto  T\u00e9cnico Superior de Concordia en la Escuela Secundaria N\u00b0 5 \u201cSalto Grande\u201d de la localidad de La Criolla. Esta carrera se dicta bajo la modalidad  de cursado 70\/30, es decir, una modalidad h\u00edbrida.<\/p>\n\n\n\n<figure class=\"wp-block-image size-full is-resized\"><img decoding=\"async\" loading=\"lazy\" src=\"https:\/\/itsconcordia-ers.infd.edu.ar\/sitio\/wp-content\/uploads\/2023\/09\/image.png\" alt=\"\" class=\"wp-image-1225\" width=\"717\" height=\"534\"\/><\/figure>\n\n\n\n<h2 class=\"wp-block-heading\">Plan de Estudio<\/h2>\n\n\n\n<figure class=\"wp-block-image size-full is-resized\"><img decoding=\"async\" loading=\"lazy\" src=\"https:\/\/itsconcordia-ers.infd.edu.ar\/sitio\/wp-content\/uploads\/2023\/09\/image-1.png\" alt=\"\" class=\"wp-image-1226\" width=\"797\" height=\"597\" srcset=\"https:\/\/itsconcordia-ers.infd.edu.ar\/sitio\/wp-content\/uploads\/2023\/09\/image-1.png 960w, https:\/\/itsconcordia-ers.infd.edu.ar\/sitio\/wp-content\/uploads\/2023\/09\/image-1-768x576.png 768w\" sizes=\"(max-width: 797px) 100vw, 797px\" \/><\/figure>\n\n\n\n<p>Ver estad\u00edsticas y anuncios<\/p>\n\n\n\n<h2 class=\"wp-block-heading\"><strong>Funciones<\/strong><\/h2>\n\n\n\n<figure class=\"wp-block-image size-full is-resized\"><img decoding=\"async\" loading=\"lazy\" src=\"https:\/\/itsconcordia-ers.infd.edu.ar\/sitio\/wp-content\/uploads\/2023\/09\/image-2.png\" alt=\"\" class=\"wp-image-1227\" width=\"697\" height=\"523\" srcset=\"https:\/\/itsconcordia-ers.infd.edu.ar\/sitio\/wp-content\/uploads\/2023\/09\/image-2.png 960w, https:\/\/itsconcordia-ers.infd.edu.ar\/sitio\/wp-content\/uploads\/2023\/09\/image-2-768x576.png 768w\" sizes=\"(max-width: 697px) 100vw, 697px\" \/><\/figure>\n\n\n\n<figure class=\"wp-block-image size-full is-resized\"><img decoding=\"async\" loading=\"lazy\" src=\"https:\/\/itsconcordia-ers.infd.edu.ar\/sitio\/wp-content\/uploads\/2023\/09\/image-6.png\" alt=\"\" class=\"wp-image-1231\" width=\"621\" height=\"228\" srcset=\"https:\/\/itsconcordia-ers.infd.edu.ar\/sitio\/wp-content\/uploads\/2023\/09\/image-6.png 817w, https:\/\/itsconcordia-ers.infd.edu.ar\/sitio\/wp-content\/uploads\/2023\/09\/image-6-768x282.png 768w\" sizes=\"(max-width: 621px) 100vw, 621px\" \/><\/figure>\n\n\n\n<p><a href=\"https:\/\/www.facebook.com\/ad_center\/create\/boostpost\/?entry_point=www_profile_plus_timeline&amp;page_id=125180528197067&amp;target_id=688822129913432&amp;__cft__[0]=AZXETj-2fwemJkuYEXc0v117FuqnH2-IbHG4NmP3WVmm-W_0p1VXvo7E0A8X14UHn3fEvYgOawQOHZtjoeRG1eFJ9oqtzLvygbdRorfOmmr6qCIqlzec0wmQPLiyMqu3-qreOqh6weoHSlA7KAVLPg4YmjtsQ9S_z9BnKs8G2ovYPA&amp;__tn__=*W-R\"><\/a><\/p>\n\n\n\n<p><a href=\"https:\/\/www.facebook.com\/ad_center\/create\/boostpost\/?entry_point=www_profile_plus_timeline&amp;page_id=125180528197067&amp;target_id=688822129913432&amp;__cft__[0]=AZXETj-2fwemJkuYEXc0v117FuqnH2-IbHG4NmP3WVmm-W_0p1VXvo7E0A8X14UHn3fEvYgOawQOHZtjoeRG1eFJ9oqtzLvygbdRorfOmmr6qCIqlzec0wmQPLiyMqu3-qreOqh6weoHSlA7KAVLPg4YmjtsQ9S_z9BnKs8G2ovYPA&amp;__tn__=*W-R\">Promocionar publicaci\u00f3n<\/a><\/p>\n\n\n\n<figure class=\"wp-block-image\"><img decoding=\"async\" src=\"\" alt=\"\"\/><\/figure>\n\n\n\n<figure class=\"wp-block-image\"><img decoding=\"async\" src=\"\" alt=\"\"\/><\/figure>\n\n\n\n<p>Todas las reacciones:<\/p>\n\n\n\n<p>4040<\/p>\n","protected":false},"excerpt":{"rendered":"<p>Inicio de l Carrera El Consejo General de Educaci\u00f3n de la Provincia de Entre R\u00edos ha dispuesto la apertura de la carrera; Tecnicatura Superior en Enolog\u00eda y Fruticultura, mediante Resoluci\u00f3n N\u00b01157 del 30 de marzo de 2023. La misma se desarrolla en la extensi\u00f3n \u00e1ulica que tiene el Instituto T\u00e9cnico Superior de Concordia en la &#8230; <a title=\"Tecnicatura Superior en Enolog\u00eda y Fruticultura\" class=\"read-more\" href=\"https:\/\/itsconcordia-ers.infd.edu.ar\/sitio\/tecnicatura-superior-en-enologia-y-fruticultura\/\" aria-label=\"More on Tecnicatura Superior en Enolog\u00eda y Fruticultura\">[+]<\/a><\/p>\n","protected":false},"author":17,"featured_media":0,"parent":0,"menu_order":0,"comment_status":"closed","ping_status":"closed","template":"","meta":[],"acf":[],"_links":{"self":[{"href":"https:\/\/itsconcordia-ers.infd.edu.ar\/sitio\/wp-json\/wp\/v2\/pages\/1163"}],"collection":[{"href":"https:\/\/itsconcordia-ers.infd.edu.ar\/sitio\/wp-json\/wp\/v2\/pages"}],"about":[{"href":"https:\/\/itsconcordia-ers.infd.edu.ar\/sitio\/wp-json\/wp\/v2\/types\/page"}],"author":[{"embeddable":true,"href":"https:\/\/itsconcordia-ers.infd.edu.ar\/sitio\/wp-json\/wp\/v2\/users\/17"}],"replies":[{"embeddable":true,"href":"https:\/\/itsconcordia-ers.infd.edu.ar\/sitio\/wp-json\/wp\/v2\/comments?post=1163"}],"version-history":[{"count":7,"href":"https:\/\/itsconcordia-ers.infd.edu.ar\/sitio\/wp-json\/wp\/v2\/pages\/1163\/revisions"}],"predecessor-version":[{"id":1430,"href":"https:\/\/itsconcordia-ers.infd.edu.ar\/sitio\/wp-json\/wp\/v2\/pages\/1163\/revisions\/1430"}],"wp:attachment":[{"href":"https:\/\/itsconcordia-ers.infd.edu.ar\/sitio\/wp-json\/wp\/v2\/media?parent=1163"}],"curies":[{"name":"wp","href":"https:\/\/api.w.org\/{rel}","templated":true}]}}