{"id":286,"date":"2016-10-31T13:17:59","date_gmt":"2016-10-31T16:17:59","guid":{"rendered":"https:\/\/itsconcordia-ers.infd.edu.ar\/sitio\/?page_id=286"},"modified":"2026-02-27T18:59:13","modified_gmt":"2026-02-27T21:59:13","slug":"inicio","status":"publish","type":"page","link":"https:\/\/itsconcordia-ers.infd.edu.ar\/sitio\/","title":{"rendered":"Inicio"},"content":{"rendered":"<h4><\/h4>\n<h1 class=\"wp-block-heading\">CONTINUAMOS CON LAS PREINSCRIPCIONES<\/h1>\n<h1>Pre-Inscripciones 2026<\/h1>\n<p style=\"text-align: left;\">Se encuentran abiertas las pre-inscripciones para cualquiera de nuestras tres carreras.<br \/>Por informes, contactarse al correo\u00a0<a href=\"itscacademica@gmail.com\">itscacademica@gmail.com<\/a> o acercarse a P. del Castillo 690 (subsuelo)<br \/>Las inscripciones se realizan completando el formulario a trav\u00e9s del link que se encuentra debajo.<\/p>\n<p><a href=\"https:\/\/docs.google.com\/forms\/d\/1IHRPvWF7-izR7BGLrFmsX6LMaurh5QBb95uc4cQQ14c\/preview\">https:\/\/docs.google.com\/forms\/d\/1IHRPvWF7-izR7BGLrFmsX6LMaurh5QBb95uc4cQQ14c\/preview<\/a><\/p>\n<p>&nbsp;<\/p>\n<h2>PROFESORADO EN LA MODALIDAD T\u00c9CNICO PROFESIONAL EN CONCURRENCIA CON T\u00cdTULO DE BASE.<\/h2>\n<p>El pasado mes de mayo se dio inicio al cursado del \u00faltimo a\u00f1o de la cohorte del Profesorado de Educaci\u00f3n Secundaria en la Modalidad T\u00e9cnico Profesional en concurrencia con T\u00edtulo de base. Un comienzo muy esperado para nuestro Instituto. MUCHOS EXITOS FUTUROS PROFES.<\/p>\n<h2><img decoding=\"async\" loading=\"lazy\" class=\"alignnone  wp-image-1271\" src=\"https:\/\/itsconcordia-ers.infd.edu.ar\/sitio\/wp-content\/uploads\/2024\/08\/20240803_170826-1000x450.jpg\" alt=\"\" width=\"671\" height=\"302\" srcset=\"https:\/\/itsconcordia-ers.infd.edu.ar\/sitio\/wp-content\/uploads\/2024\/08\/20240803_170826-1000x450.jpg 1000w, https:\/\/itsconcordia-ers.infd.edu.ar\/sitio\/wp-content\/uploads\/2024\/08\/20240803_170826-1900x855.jpg 1900w, https:\/\/itsconcordia-ers.infd.edu.ar\/sitio\/wp-content\/uploads\/2024\/08\/20240803_170826-768x346.jpg 768w, https:\/\/itsconcordia-ers.infd.edu.ar\/sitio\/wp-content\/uploads\/2024\/08\/20240803_170826-1536x691.jpg 1536w, https:\/\/itsconcordia-ers.infd.edu.ar\/sitio\/wp-content\/uploads\/2024\/08\/20240803_170826-2048x922.jpg 2048w\" sizes=\"(max-width: 671px) 100vw, 671px\" \/>\u00a0<\/h2>\n<p>&nbsp;<\/p>\n<h4>Presentaci\u00f3n Revista Tramas y Saberes <em>\u00ab<\/em><strong><em>LA EDUCACI\u00d3N SUPERIOR EN CONTEXTO DE PANDEMIA\u00bb, con la participaci\u00f3n de estudiantes de 4\u00b0 a\u00f1o del Profesorado de Educaci\u00f3n Secundaria en Econom\u00eda.<\/em><\/strong><\/h4>\n<h2><img decoding=\"async\" loading=\"lazy\" class=\"size-full wp-image-1182 alignleft\" src=\"https:\/\/itsconcordia-ers.infd.edu.ar\/sitio\/wp-content\/uploads\/2023\/03\/Captura-taramas-y-saberes-.png\" alt=\"\" width=\"340\" height=\"467\" \/><img decoding=\"async\" loading=\"lazy\" class=\"alignnone size-full wp-image-1183\" src=\"https:\/\/itsconcordia-ers.infd.edu.ar\/sitio\/wp-content\/uploads\/2023\/03\/Captura-tramas-y-saberes-1.png\" alt=\"\" width=\"342\" height=\"528\" \/><\/h2>\n<h3><a href=\"https:\/\/drive.google.com\/file\/d\/1w8wgIWF_iQIybz4Vd3OkHMFHgWWQ5XAL\/view?usp=sharing\">Abrir revista aqu\u00ed<\/a><\/h3>\n<h2>\u00a0<\/h2>\n<h2>Inicio Ciclo Lectivo 2023 para estudiantes de 2\u00b0 y 3\u00b0 a\u00f1o, de la Tecnicatura Superior en Administraci\u00f3n de Empresas y estudiantes de 2\u00b0, 3\u00b0 y 4\u00b0a\u00f1o, del Profesorado de Educaci\u00f3n Secundaria en Econom\u00eda.<\/h2>\n<h4>\n\n<\/h4>\n<p>ESTIMADOS ESTUDIANTES:<\/p>\n<h4>\n\n<\/h4>\n<p>La Rector\u00eda del <a href=\"https:\/\/www.facebook.com\/ITSCONCORDIA?__cft__[0]=AZVvSo9urWlC5bbL1FSB67TcBbYWwxuhGxG1FPG9c-Jte3vtBRnrTRVBbLjU7eloVyprpNinQ-TXLcK3hlxdglbQ6evcei_mLiCMSeQx4Jj3vGNRbV7jVu185rMh7XC_aq0qKF7p8WzgPLAZllv4XqXZ6FW6mRS8VJQnJfB33szmEg&amp;__tn__=-]K-R\">Instituto T\u00e9cnico Superior de Concordia<\/a> Informa; que el lunes 13 de marzo de 2023, en el horario de 18:30 hs. se dar\u00e1 inicio al ciclo lectivo 2023 de; 2\u00b0 y 3\u00b0 a\u00f1o de la Tecnicatura Superior en Administraci\u00f3n de Empresa y de 2\u00b0, 3\u00b0 y 4\u00b0 del Profesorado de Educaci\u00f3n Secundaria en Econom\u00eda.<\/p>\n<h4>\n\n<\/h4>\n<h4><\/h4>\n<p>&nbsp;<\/p>\n<h1><strong>CURSO DE COFORMADORES 2022<\/strong><\/h1>\n<h2 style=\"text-align: center;\"><em>\u00abLAS ESTRATEGIAS DID\u00c1CTICAS EN LA ENSE\u00d1ANZA\u00a0DE LA CONTABILIDAD EN EL NIVEL MEDIO\u00bb<\/em><\/h2>\n<h3><strong>Profesorado de Educaci\u00f3n Secundaria en Econom\u00eda.<\/strong><\/h3>\n<h4>Disertante: Cra. Virginia Conelli<\/h4>\n<p><img decoding=\"async\" loading=\"lazy\" class=\"alignnone  wp-image-1027\" src=\"https:\/\/itsconcordia-ers.infd.edu.ar\/sitio\/wp-content\/uploads\/2022\/08\/WhatsApp-Image-2022-08-29-at-6.48.36-PM-1000x462.jpeg\" alt=\"\" width=\"433\" height=\"200\" srcset=\"https:\/\/itsconcordia-ers.infd.edu.ar\/sitio\/wp-content\/uploads\/2022\/08\/WhatsApp-Image-2022-08-29-at-6.48.36-PM-1000x462.jpeg 1000w, https:\/\/itsconcordia-ers.infd.edu.ar\/sitio\/wp-content\/uploads\/2022\/08\/WhatsApp-Image-2022-08-29-at-6.48.36-PM-768x355.jpeg 768w, https:\/\/itsconcordia-ers.infd.edu.ar\/sitio\/wp-content\/uploads\/2022\/08\/WhatsApp-Image-2022-08-29-at-6.48.36-PM.jpeg 1152w\" sizes=\"(max-width: 433px) 100vw, 433px\" \/><img decoding=\"async\" loading=\"lazy\" class=\"alignnone  wp-image-1030\" src=\"https:\/\/itsconcordia-ers.infd.edu.ar\/sitio\/wp-content\/uploads\/2022\/08\/WhatsApp-Image-2022-08-29-at-6.48.42-PM-1000x462.jpeg\" alt=\"\" width=\"431\" height=\"199\" srcset=\"https:\/\/itsconcordia-ers.infd.edu.ar\/sitio\/wp-content\/uploads\/2022\/08\/WhatsApp-Image-2022-08-29-at-6.48.42-PM-1000x462.jpeg 1000w, https:\/\/itsconcordia-ers.infd.edu.ar\/sitio\/wp-content\/uploads\/2022\/08\/WhatsApp-Image-2022-08-29-at-6.48.42-PM-768x355.jpeg 768w, https:\/\/itsconcordia-ers.infd.edu.ar\/sitio\/wp-content\/uploads\/2022\/08\/WhatsApp-Image-2022-08-29-at-6.48.42-PM.jpeg 1152w\" sizes=\"(max-width: 431px) 100vw, 431px\" \/><img decoding=\"async\" loading=\"lazy\" class=\"alignnone  wp-image-1030\" src=\"https:\/\/itsconcordia-ers.infd.edu.ar\/sitio\/wp-content\/uploads\/2022\/08\/WhatsApp-Image-2022-08-29-at-6.48.42-PM-1000x462.jpeg\" alt=\"\" width=\"433\" height=\"200\" srcset=\"https:\/\/itsconcordia-ers.infd.edu.ar\/sitio\/wp-content\/uploads\/2022\/08\/WhatsApp-Image-2022-08-29-at-6.48.42-PM-1000x462.jpeg 1000w, https:\/\/itsconcordia-ers.infd.edu.ar\/sitio\/wp-content\/uploads\/2022\/08\/WhatsApp-Image-2022-08-29-at-6.48.42-PM-768x355.jpeg 768w, https:\/\/itsconcordia-ers.infd.edu.ar\/sitio\/wp-content\/uploads\/2022\/08\/WhatsApp-Image-2022-08-29-at-6.48.42-PM.jpeg 1152w\" sizes=\"(max-width: 433px) 100vw, 433px\" \/><img decoding=\"async\" loading=\"lazy\" class=\"alignnone  wp-image-1029\" src=\"https:\/\/itsconcordia-ers.infd.edu.ar\/sitio\/wp-content\/uploads\/2022\/08\/WhatsApp-Image-2022-08-29-at-6.48.23-PM-1000x462.jpeg\" alt=\"\" width=\"434\" height=\"200\" srcset=\"https:\/\/itsconcordia-ers.infd.edu.ar\/sitio\/wp-content\/uploads\/2022\/08\/WhatsApp-Image-2022-08-29-at-6.48.23-PM-1000x462.jpeg 1000w, https:\/\/itsconcordia-ers.infd.edu.ar\/sitio\/wp-content\/uploads\/2022\/08\/WhatsApp-Image-2022-08-29-at-6.48.23-PM-768x355.jpeg 768w, https:\/\/itsconcordia-ers.infd.edu.ar\/sitio\/wp-content\/uploads\/2022\/08\/WhatsApp-Image-2022-08-29-at-6.48.23-PM.jpeg 1152w\" sizes=\"(max-width: 434px) 100vw, 434px\" \/> <img decoding=\"async\" loading=\"lazy\" class=\"alignnone  wp-image-1028\" src=\"https:\/\/itsconcordia-ers.infd.edu.ar\/sitio\/wp-content\/uploads\/2022\/08\/WhatsApp-Image-2022-08-29-at-6.48.28-PM-1000x462.jpeg\" alt=\"\" width=\"429\" height=\"198\" srcset=\"https:\/\/itsconcordia-ers.infd.edu.ar\/sitio\/wp-content\/uploads\/2022\/08\/WhatsApp-Image-2022-08-29-at-6.48.28-PM-1000x462.jpeg 1000w, https:\/\/itsconcordia-ers.infd.edu.ar\/sitio\/wp-content\/uploads\/2022\/08\/WhatsApp-Image-2022-08-29-at-6.48.28-PM-768x355.jpeg 768w, https:\/\/itsconcordia-ers.infd.edu.ar\/sitio\/wp-content\/uploads\/2022\/08\/WhatsApp-Image-2022-08-29-at-6.48.28-PM.jpeg 1152w\" sizes=\"(max-width: 429px) 100vw, 429px\" \/> <img decoding=\"async\" loading=\"lazy\" class=\"alignnone  wp-image-1026\" src=\"https:\/\/itsconcordia-ers.infd.edu.ar\/sitio\/wp-content\/uploads\/2022\/08\/WhatsApp-Image-2022-08-29-at-6.48.46-PM-1000x462.jpeg\" alt=\"\" width=\"435\" height=\"201\" srcset=\"https:\/\/itsconcordia-ers.infd.edu.ar\/sitio\/wp-content\/uploads\/2022\/08\/WhatsApp-Image-2022-08-29-at-6.48.46-PM-1000x462.jpeg 1000w, https:\/\/itsconcordia-ers.infd.edu.ar\/sitio\/wp-content\/uploads\/2022\/08\/WhatsApp-Image-2022-08-29-at-6.48.46-PM-768x355.jpeg 768w, https:\/\/itsconcordia-ers.infd.edu.ar\/sitio\/wp-content\/uploads\/2022\/08\/WhatsApp-Image-2022-08-29-at-6.48.46-PM.jpeg 1152w\" sizes=\"(max-width: 435px) 100vw, 435px\" \/><\/p>\n<p>&nbsp;<\/p>\n<h4>III JORNADA DE EDUCACI\u00d3N, ECONOM\u00cdA Y ADMINISTRACI\u00d3N.<\/h4>\n<h4>A desarrollarse el pr\u00f3ximo 20 de octubre de 2021, a las 18:30 hs., en el Sal\u00f3n de Actos del Instituto T\u00e9cnico Superior de Concordia, P. del Castillo 690, Concordia, Entre R\u00edos\u00a0<\/h4>\n<p>Inscr\u00edbase <a href=\"https:\/\/docs.google.com\/forms\/d\/e\/1FAIpQLSfHhp_PtqpgxAQBYBwBfc449Hc7txXyke6MtOnuvzJqe2id3g\/viewform\">aqu\u00ed<\/a>. Cupos limitados<\/p>\n<p>&nbsp;<\/p>\n\n<!-- Facebook SDK -->\n<div id=\"fb-root\"><\/div>\n<script async defer crossorigin=\"anonymous\" src=\"https:\/\/connect.facebook.net\/es_LA\/sdk.js#xfbml=1&#038;version=v18.0\"><\/script>\n\n<!-- Plugin de P\u00e1gina Facebook -->\n<div class=\"fb-page\"\n     data-href=\"https:\/\/www.facebook.com\/ITSCONCORDIA\/\"\n     data-tabs=\"timeline\"\n     data-width=\"500\"\n     data-height=\"\"\n     data-small-header=\"false\"\n     data-adapt-container-width=\"true\"\n     data-hide-cover=\"false\"\n     data-show-facepile=\"true\">\n    <blockquote cite=\"https:\/\/www.facebook.com\/ITSCONCORDIA\/\" class=\"fb-xfbml-parse-ignore\">\n        <a href=\"https:\/\/www.facebook.com\/ITSCONCORDIA\/\">Instituto T\u00e9cnico Superior de Concordia<\/a>\n    <\/blockquote>\n<\/div>\n\n\n\n","protected":false},"excerpt":{"rendered":"<p>CONTINUAMOS CON LAS PREINSCRIPCIONES Pre-Inscripciones 2026 Se encuentran abiertas las pre-inscripciones para cualquiera de nuestras tres carreras.Por informes, contactarse al correo\u00a0itscacademica@gmail.com o acercarse a P. del Castillo 690 (subsuelo)Las inscripciones se realizan completando el formulario a trav\u00e9s del link que se encuentra debajo. https:\/\/docs.google.com\/forms\/d\/1IHRPvWF7-izR7BGLrFmsX6LMaurh5QBb95uc4cQQ14c\/preview &nbsp; PROFESORADO EN LA MODALIDAD T\u00c9CNICO PROFESIONAL EN CONCURRENCIA CON T\u00cdTULO &#8230; <a title=\"Inicio\" class=\"read-more\" href=\"https:\/\/itsconcordia-ers.infd.edu.ar\/sitio\/\" aria-label=\"More on Inicio\">[+]<\/a><\/p>\n","protected":false},"author":601,"featured_media":0,"parent":0,"menu_order":0,"comment_status":"closed","ping_status":"closed","template":"","meta":[],"acf":[],"_links":{"self":[{"href":"https:\/\/itsconcordia-ers.infd.edu.ar\/sitio\/wp-json\/wp\/v2\/pages\/286"}],"collection":[{"href":"https:\/\/itsconcordia-ers.infd.edu.ar\/sitio\/wp-json\/wp\/v2\/pages"}],"about":[{"href":"https:\/\/itsconcordia-ers.infd.edu.ar\/sitio\/wp-json\/wp\/v2\/types\/page"}],"author":[{"embeddable":true,"href":"https:\/\/itsconcordia-ers.infd.edu.ar\/sitio\/wp-json\/wp\/v2\/users\/601"}],"replies":[{"embeddable":true,"href":"https:\/\/itsconcordia-ers.infd.edu.ar\/sitio\/wp-json\/wp\/v2\/comments?post=286"}],"version-history":[{"count":174,"href":"https:\/\/itsconcordia-ers.infd.edu.ar\/sitio\/wp-json\/wp\/v2\/pages\/286\/revisions"}],"predecessor-version":[{"id":1489,"href":"https:\/\/itsconcordia-ers.infd.edu.ar\/sitio\/wp-json\/wp\/v2\/pages\/286\/revisions\/1489"}],"wp:attachment":[{"href":"https:\/\/itsconcordia-ers.infd.edu.ar\/sitio\/wp-json\/wp\/v2\/media?parent=286"}],"curies":[{"name":"wp","href":"https:\/\/api.w.org\/{rel}","templated":true}]}}