{"id":734,"date":"2018-07-26T10:49:22","date_gmt":"2018-07-26T13:49:22","guid":{"rendered":"https:\/\/itsconcordia-ers.infd.edu.ar\/sitio\/?page_id=734"},"modified":"2026-01-30T12:09:18","modified_gmt":"2026-01-30T15:09:18","slug":"plan-de-estudio","status":"publish","type":"page","link":"https:\/\/itsconcordia-ers.infd.edu.ar\/sitio\/carreras\/plan-de-estudio\/","title":{"rendered":"Tecnicatura Superior en Administraci\u00f3n de Empresas"},"content":{"rendered":"\n<p><strong>\u2013 Creada por Resoluci\u00f3n N\u00b00834\/15<\/strong><\/p>\n\n\n\n<p>\u2013&nbsp;<strong>Duraci\u00f3n de la carrera:&nbsp;&nbsp; 3 (tres)&nbsp; a\u00f1os<\/strong><br><strong>\u2013 Nivel: Superior, no universitario<\/strong><br><strong>\u2013 Modalidad: Presencial<\/strong><br><strong>\u2013 Condiciones de ingreso: Nivel Secundario \/ Educaci\u00f3n Polimodal completo.<\/strong><\/p>\n\n\n\n<p>&nbsp;<\/p>\n\n\n\n<figure class=\"wp-block-image size-full is-resized\"><img decoding=\"async\" loading=\"lazy\" src=\"https:\/\/itsconcordia-ers.infd.edu.ar\/sitio\/wp-content\/uploads\/2025\/06\/WhatsApp-Image-2025-06-24-at-10.37.29-3.jpeg\" alt=\"\" class=\"wp-image-1426\" width=\"470\" height=\"470\" srcset=\"https:\/\/itsconcordia-ers.infd.edu.ar\/sitio\/wp-content\/uploads\/2025\/06\/WhatsApp-Image-2025-06-24-at-10.37.29-3.jpeg 1600w, https:\/\/itsconcordia-ers.infd.edu.ar\/sitio\/wp-content\/uploads\/2025\/06\/WhatsApp-Image-2025-06-24-at-10.37.29-3-1000x1000.jpeg 1000w, https:\/\/itsconcordia-ers.infd.edu.ar\/sitio\/wp-content\/uploads\/2025\/06\/WhatsApp-Image-2025-06-24-at-10.37.29-3-500x500.jpeg 500w, https:\/\/itsconcordia-ers.infd.edu.ar\/sitio\/wp-content\/uploads\/2025\/06\/WhatsApp-Image-2025-06-24-at-10.37.29-3-768x768.jpeg 768w, https:\/\/itsconcordia-ers.infd.edu.ar\/sitio\/wp-content\/uploads\/2025\/06\/WhatsApp-Image-2025-06-24-at-10.37.29-3-1536x1536.jpeg 1536w\" sizes=\"(max-width: 470px) 100vw, 470px\" \/><\/figure>\n\n\n\n<p><strong><em>* REQUISITOS DE INGRESO<\/em><\/strong><br>Fotocopia &nbsp;de 1era y 2da hoja del D.N.I.<br>Fotocopia LEGALIZADA&nbsp;de la partida de nacimiento.<br>Fotocopia LEGALIZADA del t\u00edtulo secundario o constancia de t\u00edtulo en tr\u00e1mite.<br>Dos fotos carnet.<br>CUIL<br>Presentar todo &nbsp;en un folio.<\/p>\n\n\n\n<p><strong><em>* PLAN DE ESTUDIO<\/em><\/strong><\/p>\n\n\n\n<p><strong>PRIMER A\u00d1O<\/strong><br>Matem\u00e1tica&nbsp; Financiera<br>Contabilidad I<br>Administraci\u00f3n I<br>Derecho I<br>Microeconom\u00eda&nbsp;&nbsp;<br>Dise\u00f1os de sistemas de Informaci\u00f3n I&nbsp;<br>Procesos Hist\u00f3ricos I<br>Psicolog\u00eda Social<br>Taller de Inform\u00e1tica I<br>Lengua Extranjera I Ingl\u00e9s<br>Pr\u00e1ctica Profesionalizante I<br>Total horas Primer A\u00f1o<br>UDI<br><br><strong>SEGUNDO A\u00d1O<\/strong><br>Probabilidad y Estad\u00edstica<br>Contabilidad II<br>Procesos Hist\u00f3ricos II&nbsp;<br>Derecho II<br>Administraci\u00f3n II<br>Sociolog\u00eda de la Empresa<br>Taller de Inform\u00e1tica II<br>Lengua Extranjera&nbsp;&nbsp;II Ingl\u00e9s<br>Macroeconom\u00eda&nbsp;&nbsp;<\/p>\n\n\n\n<p>Metodolog\u00eda de la Investigaci\u00f3n I&nbsp;&nbsp;<br>Taller de Portugu\u00e9s&nbsp;<br>Pr\u00e1ctica Profesionalizante II<br>Total horas Segundo&nbsp;&nbsp;A\u00f1o<br>UDI<br><br><strong>TERCER A\u00d1O<\/strong><br>Administraci\u00f3n III<br>Contabilidad III<br>Derechos Humanos&nbsp;<br>Derecho Tributario&nbsp;<br>Comercio Exterior<br>Lengua Extranjera III Ingl\u00e9s<br>Taller de Inform\u00e1tica III<br>Taller de Portugu\u00e9s II<br>Metodolog\u00eda de la Investigaci\u00f3n Aplicada<br>Pr\u00e1ctica Profesionalizante III<br>UDI<\/p>\n\n\n\n<p><em><strong>* R\u00c9GIMEN DE EVALUACI\u00d3N<\/strong><\/em><strong><em>(SEG\u00daN RESOLUCI\u00d3N 0869\/05)<\/em><\/strong><\/p>\n\n\n\n<p>ALUMNOS REGULARES(*):<br>\u2013 Inscripci\u00f3n en tiempo y forma<br>\u2013 Asistencia: 70%. En caso de presentar certificado de trabajo, asistencia del 60%<br>\u2013 Asignaturas anuales: Se deben aprobar&nbsp;cuatro trabajos pr\u00e1cticos y dos parciales con nota NO inferior a 6. Se tiene derecho a dos recuperatorios. Es obligatorio un examen final a partir del turno de diciembre.<br>\u2013 Asignaturas cuatrimestrales: Se deben aprobar dos trabajos pr\u00e1cticos y un parcial con nota NO inferior a 6. Tienen derecho a un recuperatorio. Se rinde examen final a partir del turno de agosto.<br>(*) La condici\u00f3n de&nbsp;<em>\u00abregular\u00bb<\/em>&nbsp;se mantiene por 5 (cinco) turnos consecutivos de ex\u00e1menes a una vez cursada la asignatura. Si en ese lapso de 5 turnos la materia NO es aprobada, se pierde la condici\u00f3n de alumno regular.<br><br>ALUMNOS LIBRES(*):<br>\u2013 Es alumno libre quien se inscribe en la Instituci\u00f3n en tal condici\u00f3n o aquel que, habiendo registrado su condici\u00f3n como regular, no cumplimenta los requisitos como tal.<br>\u2013 No est\u00e1 obligado a asistir a las clases presenciales, est\u00e1 facultado a concurrir cuando lo desee.<br>\u2013 Debe aprobar el 100% de los trabajos pr\u00e1cticos<br>\u2013 Debe realizar un trabajo final integrador seg\u00fan las consignas que el profesor elaborar\u00e1 y cuya aprobaci\u00f3n debe ser previa a la instancia del ex\u00e1men final. Se presenta 15 d\u00edas antes del ex\u00e1men final.<br>\u2013 El ex\u00e1men final ser\u00e1 escrito y oral. El escrito es eliminatorio respcto del oral. En ambas instancias la nota no deber\u00e1 ser inferior a 6 (seis) La nota final resultar\u00e1 del promedio de ambos ex\u00e1menes o la calificaci\u00f3n con la cual no aprob\u00f3.<br>\u2013 Para conservar su condici\u00f3n deber\u00e1 rendir como m\u00ednimo dos asignaturas por a\u00f1o.<br>(*) Los profesores de cada c\u00e1tedra decidir\u00e1n si la c\u00e1tedra admite alumnos&nbsp;<em>libres<\/em>, dejando constancia de ello en la respectiva planificaci\u00f3n.<\/p>\n\n\n\n<figure class=\"wp-block-image size-full\"><img decoding=\"async\" loading=\"lazy\" width=\"386\" height=\"536\" src=\"https:\/\/itsconcordia-ers.infd.edu.ar\/sitio\/wp-content\/uploads\/2024\/12\/image.png\" alt=\"\" class=\"wp-image-1307\"\/><\/figure>\n\n\n\n<p><\/p>\n","protected":false},"excerpt":{"rendered":"<p>\u2013 Creada por Resoluci\u00f3n N\u00b00834\/15 \u2013&nbsp;Duraci\u00f3n de la carrera:&nbsp;&nbsp; 3 (tres)&nbsp; a\u00f1os\u2013 Nivel: Superior, no universitario\u2013 Modalidad: Presencial\u2013 Condiciones de ingreso: Nivel Secundario \/ Educaci\u00f3n Polimodal completo. &nbsp; * REQUISITOS DE INGRESOFotocopia &nbsp;de 1era y 2da hoja del D.N.I.Fotocopia LEGALIZADA&nbsp;de la partida de nacimiento.Fotocopia LEGALIZADA del t\u00edtulo secundario o constancia de t\u00edtulo en tr\u00e1mite.Dos fotos &#8230; <a title=\"Tecnicatura Superior en Administraci\u00f3n de Empresas\" class=\"read-more\" href=\"https:\/\/itsconcordia-ers.infd.edu.ar\/sitio\/carreras\/plan-de-estudio\/\" aria-label=\"More on Tecnicatura Superior en Administraci\u00f3n de Empresas\">[+]<\/a><\/p>\n","protected":false},"author":601,"featured_media":0,"parent":1298,"menu_order":0,"comment_status":"closed","ping_status":"closed","template":"","meta":[],"acf":[],"_links":{"self":[{"href":"https:\/\/itsconcordia-ers.infd.edu.ar\/sitio\/wp-json\/wp\/v2\/pages\/734"}],"collection":[{"href":"https:\/\/itsconcordia-ers.infd.edu.ar\/sitio\/wp-json\/wp\/v2\/pages"}],"about":[{"href":"https:\/\/itsconcordia-ers.infd.edu.ar\/sitio\/wp-json\/wp\/v2\/types\/page"}],"author":[{"embeddable":true,"href":"https:\/\/itsconcordia-ers.infd.edu.ar\/sitio\/wp-json\/wp\/v2\/users\/601"}],"replies":[{"embeddable":true,"href":"https:\/\/itsconcordia-ers.infd.edu.ar\/sitio\/wp-json\/wp\/v2\/comments?post=734"}],"version-history":[{"count":15,"href":"https:\/\/itsconcordia-ers.infd.edu.ar\/sitio\/wp-json\/wp\/v2\/pages\/734\/revisions"}],"predecessor-version":[{"id":1469,"href":"https:\/\/itsconcordia-ers.infd.edu.ar\/sitio\/wp-json\/wp\/v2\/pages\/734\/revisions\/1469"}],"up":[{"embeddable":true,"href":"https:\/\/itsconcordia-ers.infd.edu.ar\/sitio\/wp-json\/wp\/v2\/pages\/1298"}],"wp:attachment":[{"href":"https:\/\/itsconcordia-ers.infd.edu.ar\/sitio\/wp-json\/wp\/v2\/media?parent=734"}],"curies":[{"name":"wp","href":"https:\/\/api.w.org\/{rel}","templated":true}]}}