{"id":867,"date":"2021-09-27T18:50:45","date_gmt":"2021-09-27T21:50:45","guid":{"rendered":"https:\/\/itsconcordia-ers.infd.edu.ar\/sitio\/?page_id=867"},"modified":"2025-06-17T20:09:15","modified_gmt":"2025-06-17T23:09:15","slug":"concurso","status":"publish","type":"page","link":"https:\/\/itsconcordia-ers.infd.edu.ar\/sitio\/concurso\/","title":{"rendered":"Concursos"},"content":{"rendered":"\n<p>17\/06\/25<\/p>\n\n\n\n<p><strong>Carrera:<\/strong>&nbsp;Profesorado de Educaci\u00f3n Secundaria en Econom\u00eda. Res. 4795\/15 C.G.E.<\/p>\n\n\n\n<p><strong><u>2 Hs C\u00e1tedras \u2013 STF \u2013 3er a\u00f1o<\/u>:\u00a0<\/strong>EDUCACI\u00d3N SEXUAL INTEGRAL<\/p>\n\n\n\n<p><a href=\"https:\/\/cge.entrerios.gov.ar\/2025\/06\/llamado-a-concurso-instituto-tecnico-superior-concordia-concordia-27\/\">https:\/\/cge.entrerios.gov.ar\/2025\/06\/llamado-a-concurso-instituto-tecnico-superior-concordia-concordia-27\/<\/a><\/p>\n\n\n\n<p>19\/05\/25<\/p>\n\n\n\n<p><strong>Carrera:<\/strong>&nbsp;Profesorado de Educaci\u00f3n Secundaria en Econom\u00eda. Res. 4795\/15 C.G.E.<\/p>\n\n\n\n<p><strong><u>3 Hs C\u00e1tedras \u2013 STF \u2013 2do a\u00f1o<\/u>:&nbsp;<\/strong>SUJETOS DE LA EDUCACI\u00d3N SECUNDARIA<\/p>\n\n\n\n<p><a href=\"https:\/\/cge.entrerios.gov.ar\/2025\/05\/llamado-a-concurso-instituto-tecnico-superior-concordia-concordia-26\/\">https:\/\/cge.entrerios.gov.ar\/2025\/05\/llamado-a-concurso-instituto-tecnico-superior-concordia-concordia-26\/<\/a><\/p>\n\n\n\n<p><\/p>\n\n\n\n<p>13\/05\/25<\/p>\n\n\n\n<p><strong><u>Carrera<\/u><\/strong><strong>: Profesorado de educaci\u00f3n secundaria en la modalidad t\u00e9cnico-profesional en concurrencia con t\u00edtulo de base<\/strong>&nbsp;(Res. N\u00b03784\/17 CGE, ampliatoria Res. 4708\/17 CGE y modificatoria Res. N\u00ba1223\/18 CGE)<strong>&nbsp;Cohorte 2022<\/strong>&nbsp;(Seg\u00fan Res. N\u00b0807\/22 CGE)&nbsp;<strong>3\u00ba A\u00f1o 2\u00ba Cuatrimestre<\/strong>&nbsp;(Seg\u00fan Res. N\u00b0929\/25 CGE).<\/p>\n\n\n\n<p><strong><u>Cargo<\/u><\/strong><strong>:<\/strong>&nbsp;Coordinador de Carrera \u2013 STF. Plaza N\u00b0:836945<\/p>\n\n\n\n<p><strong><u>Duraci\u00f3n<\/u>:<\/strong>02\/05\/2025 al 02\/11\/2025 (Designaci\u00f3n a t\u00e9rmino)<\/p>\n\n\n\n<p><a href=\"https:\/\/cge.entrerios.gov.ar\/2025\/05\/llamado-a-concurso-instituto-tecnico-superior-concordia-38\/\">https:\/\/cge.entrerios.gov.ar\/2025\/05\/llamado-a-concurso-instituto-tecnico-superior-concordia-38\/<\/a><\/p>\n\n\n\n<p>13\/05\/25<\/p>\n\n\n\n<p><strong>Carrera<\/strong>: PROFESORADO DE EDUCACI\u00d3N SECUNDARIA EN ECONOM\u00cdA- Res. 4795\/15 C.G.E.<\/p>\n\n\n\n<p><strong>3 Hs C\u00e1tedra &#8211; STF &#8211; 1er A\u00f1o: INTRODUCCI\u00d3N A LA ECONOM\u00cdA.<\/strong><br><strong>3<\/strong> <strong>Hs. C\u00e1tedra &#8211; STF &#8211; 2do A\u00f1o:<\/strong> <strong>TEOR\u00cdA Y GESTI\u00d3N DE LAS ORGANIZACIONES I<\/strong><br><strong>3 Hs C\u00e1tedra &#8211; STF &#8211; 3er A\u00f1o: DID\u00c1CTICA DE LA ECONOM\u00cdA<\/strong><br><strong>3 Hs C\u00e1tedra &#8211; STF &#8211; 3er A\u00f1o: <strong>EPISTEMOLOG\u00cdA DE LA ECONOM\u00cdA<\/strong><\/strong><br><strong>3 Hs C\u00e1tedra &#8211; STF- 3er A\u00f1o: <strong>TEOR\u00cdA Y GESTI\u00d3N DE LAS ORGANIZACIONES II<\/strong><\/strong><br><strong>3 Hs C\u00e1tedra &#8211; STF &#8211; 4to A\u00f1o: <strong>ECONOM\u00cdA PARA LA VIDA II<\/strong><\/strong><br><strong>3 Hs C\u00e1tedra &#8211; STF- 2do A\u00f1o:<\/strong> <strong>PSICOLOG\u00cdA DE LA EDUCACI\u00d3N<\/strong><\/p>\n\n\n\n<p><strong>CARRERA: <\/strong>TECNICATURA SUPERIOR EN ADMINISTRACI\u00d3N DE EMPRESAS(Res.0834\/15)<br><strong>2 Hs C\u00e1tedra &#8211; STF &#8211; 3er A\u00f1o: DERECHO TRIBUTARIO<\/strong><\/p>\n\n\n\n<p><a href=\"https:\/\/cge.entrerios.gov.ar\/2025\/05\/llamado-a-concurso-instituto-tecnico-superior-concordia-concordia-25\/\">https:\/\/cge.entrerios.gov.ar\/2025\/05\/llamado-a-concurso-instituto-tecnico-superior-concordia-concordia-25\/<\/a><\/p>\n\n\n\n<p>30\/04\/25<\/p>\n\n\n\n<p><strong>Carrera:<\/strong>&nbsp;Profesorado de Educaci\u00f3n Secundaria en Econom\u00eda. Res. 4795\/15 C.G.E.<\/p>\n\n\n\n<p><strong><u>3 Hs C\u00e1tedras STF \u2013&nbsp; 2do<\/u>: FILOSOF\u00cdA<\/strong><\/p>\n\n\n\n<p><a href=\"https:\/\/cge.entrerios.gov.ar\/2025\/04\/llamado-a-concurso-instituto-tecnico-superior-concordia-37\/\">https:\/\/cge.entrerios.gov.ar\/2025\/04\/llamado-a-concurso-instituto-tecnico-superior-concordia-37\/<\/a><\/p>\n\n\n\n<p>29\/04\/25<\/p>\n\n\n\n<p><strong>Carrera:<\/strong>&nbsp;<strong>Profesorado de Educaci\u00f3n Secundaria en Econom\u00eda. Res. 4795\/15 C.G.E.<\/strong><\/p>\n\n\n\n<p><strong><u>3 Hs C\u00e1tedras STF<\/u>:<\/strong>&nbsp;<strong>SUJETOS DE LA EDUCACI\u00d3N SECUNDARIA<\/strong><\/p>\n\n\n\n<p><a href=\"https:\/\/cge.entrerios.gov.ar\/2025\/04\/llamado-a-concurso-instituto-tecnico-superior-de-concordia-concordia-103\/\">https:\/\/cge.entrerios.gov.ar\/2025\/04\/llamado-a-concurso-instituto-tecnico-superior-de-concordia-concordia-103\/<\/a><\/p>\n\n\n\n<p><\/p>\n\n\n\n<p>25\/04\/25<br><strong><u>Carrera<\/u>: Profesorado de educaci\u00f3n secundaria en la modalidad t\u00e9cnico-profesional en concurrencia con t\u00edtulo de base<\/strong>&nbsp;. <\/p>\n\n\n\n<p><strong>REFLEXION SOBRE LA PROBLEMATIZACION DE LA PR\u00c1CTICA (perfil Disciplinar)<\/strong> <\/p>\n\n\n\n<p><a href=\"https:\/\/cge.entrerios.gov.ar\/2025\/04\/llamado-a-concurso-instituto-tecnico-superior-de-concordia-concordia-102\/\">https:\/\/cge.entrerios.gov.ar\/2025\/04\/llamado-a-concurso-instituto-tecnico-superior-de-concordia-concordia-102\/<\/a><\/p>\n\n\n\n<p><\/p>\n","protected":false},"excerpt":{"rendered":"<p>17\/06\/25 Carrera:&nbsp;Profesorado de Educaci\u00f3n Secundaria en Econom\u00eda. Res. 4795\/15 C.G.E. 2 Hs C\u00e1tedras \u2013 STF \u2013 3er a\u00f1o:\u00a0EDUCACI\u00d3N SEXUAL INTEGRAL https:\/\/cge.entrerios.gov.ar\/2025\/06\/llamado-a-concurso-instituto-tecnico-superior-concordia-concordia-27\/ 19\/05\/25 Carrera:&nbsp;Profesorado de Educaci\u00f3n Secundaria en Econom\u00eda. Res. 4795\/15 C.G.E. 3 Hs C\u00e1tedras \u2013 STF \u2013 2do a\u00f1o:&nbsp;SUJETOS DE LA EDUCACI\u00d3N SECUNDARIA https:\/\/cge.entrerios.gov.ar\/2025\/05\/llamado-a-concurso-instituto-tecnico-superior-concordia-concordia-26\/ 13\/05\/25 Carrera: Profesorado de educaci\u00f3n secundaria en la modalidad t\u00e9cnico-profesional en &#8230; <a title=\"Concursos\" class=\"read-more\" href=\"https:\/\/itsconcordia-ers.infd.edu.ar\/sitio\/concurso\/\" aria-label=\"More on Concursos\">[+]<\/a><\/p>\n","protected":false},"author":491,"featured_media":0,"parent":0,"menu_order":0,"comment_status":"closed","ping_status":"closed","template":"","meta":[],"acf":[],"_links":{"self":[{"href":"https:\/\/itsconcordia-ers.infd.edu.ar\/sitio\/wp-json\/wp\/v2\/pages\/867"}],"collection":[{"href":"https:\/\/itsconcordia-ers.infd.edu.ar\/sitio\/wp-json\/wp\/v2\/pages"}],"about":[{"href":"https:\/\/itsconcordia-ers.infd.edu.ar\/sitio\/wp-json\/wp\/v2\/types\/page"}],"author":[{"embeddable":true,"href":"https:\/\/itsconcordia-ers.infd.edu.ar\/sitio\/wp-json\/wp\/v2\/users\/491"}],"replies":[{"embeddable":true,"href":"https:\/\/itsconcordia-ers.infd.edu.ar\/sitio\/wp-json\/wp\/v2\/comments?post=867"}],"version-history":[{"count":45,"href":"https:\/\/itsconcordia-ers.infd.edu.ar\/sitio\/wp-json\/wp\/v2\/pages\/867\/revisions"}],"predecessor-version":[{"id":1418,"href":"https:\/\/itsconcordia-ers.infd.edu.ar\/sitio\/wp-json\/wp\/v2\/pages\/867\/revisions\/1418"}],"wp:attachment":[{"href":"https:\/\/itsconcordia-ers.infd.edu.ar\/sitio\/wp-json\/wp\/v2\/media?parent=867"}],"curies":[{"name":"wp","href":"https:\/\/api.w.org\/{rel}","templated":true}]}}